{"id":26433,"date":"2025-06-17T11:58:21","date_gmt":"2025-06-17T09:58:21","guid":{"rendered":"https:\/\/drojdiifuraje-cordostef.ro\/magazin\/?post_type=product&#038;p=26433"},"modified":"2026-03-03T12:48:45","modified_gmt":"2026-03-03T10:48:45","slug":"bloc-de-sare-cu-melasa-imbogatit-cu-vitamine-si-minerale-12-5kg","status":"publish","type":"product","link":"https:\/\/drojdiifuraje-cordostef.ro\/magazin\/produs\/bloc-de-sare-cu-melasa-imbogatit-cu-vitamine-si-minerale-12-5kg\/","title":{"rendered":"BLOC DE SARE CU MELASA IMBOGATIT CU VITAMINE SI MINERALE 12.5kg"},"content":{"rendered":"<div class=\"av-special-heading av-special-heading-h1 blockquote modern-quote avia-builder-el-7 el_before_av_textblock avia-builder-el-first av-inherit-size\">\n<div class=\"av-subheading av-subheading_below \">\n<div class=\"av-special-heading av-special-heading-h1 blockquote modern-quote avia-builder-el-7 el_before_av_textblock avia-builder-el-first av-inherit-size\">\n<div class=\"av-subheading av-subheading_below \">\n<div id=\"hello\" class=\"av-layout-grid-container entry-content-wrapper main_color av-flex-cells avia-builder-el-5 el_after_av_layout_row el_before_av_textblock submenu-not-first container_wrap fullsize\">\n<div class=\"flex_cell no_margin av_one_half avia-builder-el-6 el_before_av_cell_one_half avia-builder-el-first \">\n<div class=\"flex_cell_inner\">\n<div class=\"av-special-heading av-special-heading-h1 blockquote modern-quote avia-builder-el-7 el_before_av_textblock avia-builder-el-first av-inherit-size\">\n<div class=\"av-subheading av-subheading_below \">\n<p><strong><em>PENTRU RUMEGATOARE (VACI, OI, CAPRE ETC)<\/em><\/strong><\/p>\n<p><strong>TOTUL INTR-UN SINGUR PRODUS SARE DE LINS DE INALTA CALITATE SI MELASA, IMBOGATIT CU VITAMINE SI MINERALE DE VALOARE<\/strong><\/p>\n<p><strong>POTRIVIT PENTRU TOATE VARSTELE SI SPECIILE RUMEGATOARE<\/strong><\/p>\n<p><strong>Acest produs contine sare purificata de cea mai inalta calitate.<\/strong><\/p>\n<p><strong>INGREDIENTE<\/strong><strong>:<\/strong> SARE, MELASA, ULE VEGETAL, CARBONAT DE CALCIU, FOSFAT DE CALCIU, OXID DE MAGNEZIU, VITAMINE SI MINERALE.<\/p>\n<p><strong>Avantajele utilizarii<\/strong><strong>:<\/strong><\/p>\n<p>-Un excelent aport de energie datorita continutului de melasa si ulei<\/p>\n<p>-Un produs potrivit pentru toate bovinele si ovinele<\/p>\n<p>-Intareste sistemul imunitar<\/p>\n<p>-Imbunatateste randamentul din alimentatie.<\/p>\n<p>&#8211; Sporeste pofta de m\u00e2ncare, ceea ce la r\u00e2ndul s\u0103u \u00eembun\u0103t\u0103\u021be\u0219te produc\u021bia de lapte \u0219i carne<\/p>\n<p>&#8211;<strong>Nu contine<\/strong> agenti de ingrosare, aromatizatori, produse artificiale sau substante chimice!<\/p>\n<\/div>\n<\/div>\n<\/div>\n<\/div>\n<\/div>\n<\/div>\n<\/div>\n<\/div>\n<\/div>\n","protected":false},"excerpt":{"rendered":"<p>PENTRU RUMEGATOARE (VACI, OI, CAPRE ETC) TOTUL INTR-UN SINGUR PRODUS SARE DE LINS DE INALTA CALITATE SI MELASA, IMBOGATIT CU VITAMINE SI MINERALE DE VALOARE POTRIVIT PENTRU TOATE VARSTELE SI<\/p>\n","protected":false},"featured_media":26437,"template":"","meta":[],"product_brand":[],"product_cat":[196,211,206,213],"product_tag":[210,203,205],"class_list":{"0":"post-26433","1":"product","2":"type-product","3":"status-publish","6":"product_cat-11-20-kg","7":"product_cat-bloc-de-sare","8":"product_cat-melasa-cu-vitamine-de-lins","9":"product_cat-produse-noi","10":"product_tag-bloc-de-sare-cu-melasa","11":"product_tag-melavit","12":"product_tag-vitamine","14":"first","15":"instock","16":"shipping-taxable","17":"purchasable","18":"product-type-simple"},"_links":{"self":[{"href":"https:\/\/drojdiifuraje-cordostef.ro\/magazin\/wp-json\/wp\/v2\/product\/26433","targetHints":{"allow":["GET"]}}],"collection":[{"href":"https:\/\/drojdiifuraje-cordostef.ro\/magazin\/wp-json\/wp\/v2\/product"}],"about":[{"href":"https:\/\/drojdiifuraje-cordostef.ro\/magazin\/wp-json\/wp\/v2\/types\/product"}],"wp:featuredmedia":[{"embeddable":true,"href":"https:\/\/drojdiifuraje-cordostef.ro\/magazin\/wp-json\/wp\/v2\/media\/26437"}],"wp:attachment":[{"href":"https:\/\/drojdiifuraje-cordostef.ro\/magazin\/wp-json\/wp\/v2\/media?parent=26433"}],"wp:term":[{"taxonomy":"product_brand","embeddable":true,"href":"https:\/\/drojdiifuraje-cordostef.ro\/magazin\/wp-json\/wp\/v2\/product_brand?post=26433"},{"taxonomy":"product_cat","embeddable":true,"href":"https:\/\/drojdiifuraje-cordostef.ro\/magazin\/wp-json\/wp\/v2\/product_cat?post=26433"},{"taxonomy":"product_tag","embeddable":true,"href":"https:\/\/drojdiifuraje-cordostef.ro\/magazin\/wp-json\/wp\/v2\/product_tag?post=26433"}],"curies":[{"name":"wp","href":"https:\/\/api.w.org\/{rel}","templated":true}]}}