{"id":3,"date":"2020-01-26T16:29:53","date_gmt":"2020-01-26T16:29:53","guid":{"rendered":"https:\/\/drojdiifuraje-cordostef.ro\/magazin\/?page_id=3"},"modified":"2026-02-12T11:53:00","modified_gmt":"2026-02-12T09:53:00","slug":"politica-de-prelucrarea-a-datelor-personale","status":"publish","type":"page","link":"https:\/\/drojdiifuraje-cordostef.ro\/magazin\/politica-de-prelucrarea-a-datelor-personale\/","title":{"rendered":"Politica de prelucrare a datelor personale"},"content":{"rendered":"<div id=\"wrap_all\">\n<header id=\"header\" class=\"all_colors header_color light_bg_color av_header_top av_logo_left av_main_nav_header av_menu_right av_custom av_header_sticky av_header_shrinking_disabled av_header_stretch_disabled av_mobile_menu_phone av_header_searchicon av_header_unstick_top_disabled av_minimal_header av_minimal_header_shadow av_bottom_nav_disabled av_alternate_logo_active av_header_border_disabled\" role=\"banner\">\n<div id=\"header_main\" class=\"container_wrap container_wrap_logo\">\n<div class=\"container av-logo-container\">\n<div class=\"inner-container\"><\/div>\n<\/div>\n<\/div>\n<div class=\"header_bg\"><strong>POLITICA PRIVIND PRELUCRAREA DATELOR PERSONALE<\/strong><\/div>\n<\/header>\n<div id=\"main\" class=\"all_colors\" data-scroll-offset=\"80\">\n<div class=\"container_wrap container_wrap_first main_color fullsize\">\n<div class=\"container\">\n<p>&nbsp;<\/p>\n<article class=\"post-entry post-entry-type-page post-entry-3\">\n<div class=\"entry-content-wrapper clearfix\">\n<div class=\"entry-content\">\n<p>Ne-ai acordat \u00eencredere, navig\u00e2nd pe site-ul nostru \u00a0\u0219i \u00ee\u021bi mul\u021bumim pentru asta.<\/p>\n<p><strong>drojdiifuraje-cordostef.ro\/magazin\u00a0 <\/strong>te asigur\u0103 c\u0103 va prelucra datele tale \u00een mod onest, transparent \u0219i informat, conform schimb\u0103rilor \u0219i modific\u0103rilor aduse de Regulamentul (EU) general privind protec\u021bia datelor persoanelor fizice nr. 2016\/679 (\u201e<strong>GDPR<\/strong>\u201d) care a intrat in vigoare la 25 mai 2018, precum si a Legii nr. 190\/2018.<\/p>\n<p>Acesta este motivul pentru care am decis s\u0103 te inform\u0103m prin aceast\u0103 Politic\u0103 de prelucrare a datelor cu caracter personal (\u201e<strong>Politica de Prelucrare a Datelor<\/strong>\u201d sau \u201e<strong>Politica<\/strong>\u201d) referitor la:<\/p>\n<ul>\n<li><strong>Cine suntem?<\/strong><\/li>\n<li><strong>Ce sunt datele personale?<\/strong><\/li>\n<li><strong>Ce date prelucr\u0103m despre tine?<\/strong><\/li>\n<li>\u00a0<strong>\u00cen ce mod colect\u0103m \u0219i prelucr\u0103m datele tale?<\/strong><\/li>\n<li><strong>Cat timp p\u0103str\u0103m datele tale?<\/strong><\/li>\n<li><strong>Cu cine \u00eemp\u0103rt\u0103\u0219im datele tale?<\/strong><\/li>\n<li><strong>C\u00e2nd transfer\u0103m datele tale \u00een afara spa\u021biului Uniunii Europene sau SEE?<\/strong><\/li>\n<li><strong>Ce m\u0103suri de securitate asigur\u0103m pentru protec\u021bia datelor tale?<\/strong><\/li>\n<li><strong>Care sunt drepturile \u0219i op\u021biunile tale \u00een privin\u021ba datelor pe care le prelucr\u0103m?<\/strong><\/li>\n<\/ul>\n<p>Aceea\u0219i abordare o vom avea de fiecare dat\u0103 c\u00e2nd ne vizita\u021bi pe\u00a0<strong>http:\/\/drojdiifuraje-cordostef.ro\/magazin<\/strong><\/p>\n<p>Prezenta Politic\u0103 de Prelucrare a Datelor poate fi modificat\u0103 sau actualizat\u0103 oric\u00e2nd\u00a0 , atunci c\u00e2nd consider\u0103m c\u0103 survin anumite modific\u0103ri \u00een activit\u0103\u021bile prin care prelucr\u0103m datele tale. Vom publica pe site-ul nostru\u00a0orice astfel de modific\u0103ri \u0219i v\u0103 vom informa \u00een mod corespunz\u0103tor prin e-mail.<\/p>\n<p>&nbsp;<\/p>\n<p><strong>CINE SUNTEM?<\/strong><\/p>\n<p><strong>\u00a0<\/strong><\/p>\n<p><strong>S.C Cordostef S.R.L , cu sediul \u00een Focsani, jud. VRANCEA, CUI 33723969, J39\/533\/2014,\u00a0<\/strong>este operatorul datelor tale \u0219i entitatea care \u00ee\u021bi furnizeaz\u0103, prin intermediul platformei online (website) informatii .<\/p>\n<p><strong>CE DATE PRELUCR\u0102M DESPRE TINE?<\/strong><\/p>\n<p><strong>Ce sunt datele personale?<\/strong><\/p>\n<p>Datele personale \u00eenseamn\u0103 orice date sau informa\u021bii care ne ajut\u0103 s\u0103 v\u0103 putem identifica direct (de exemplu numele, prenumele t\u0103u) sau indirect (de exemplu, \u00een func\u021bie de profilul pe care \u00eel cre\u0103m pentru a-\u021bi transmite oferte personalizate). Anumite informa\u021bii sunt mai pu\u021bin evidente (cum ar fi preferin\u021bele \u0219i obiceiurile tale, IP-ul computerului t\u0103u), dar asociate cu persoana ta, ne ajut\u0103 s\u0103 te putem identifica \u0219i se circumscriu astfel no\u021biunii de \u201d<em>date personale<\/em>\u201d.<\/p>\n<p><strong>\u00a0\u00cen general, prelucr\u0103m urm\u0103toarele tipuri de date despre tine:<\/strong><\/p>\n<ul>\n<li>Nume \u0219i prenume;<\/li>\n<li>Adres\u0103 de e-mail;<\/li>\n<li>Num\u0103rul de telefon;<\/li>\n<li>Sexul;<\/li>\n<li>V\u00e2rsta;<\/li>\n<li>Geo-localizarea general\u0103 a dispozitivului de pe care navighezi\/te autentici \u00een contul de client;<\/li>\n<li>Informa\u021bii despre produsele \u0219i serviciile achizi\u021bionate;<\/li>\n<li>Gradul de utilizare \u0219i activit\u0103\u021bile tale pe website-ul http:\/\/drojdiifuraje-cordostef.ro\/magazin ;<\/li>\n<li>Interese \u0219i preferin\u021be legate de produse.<\/li>\n<\/ul>\n<p><strong>Datele minorilor.<\/strong><\/p>\n<p><strong>drojdiifuraje-cordostef.ro\/magazin\u00a0 <\/strong>nu permite prelucrarea datelor personale ale clien\u0163ilor care nu au \u00eemplinit v\u00e2rsta de 18 ani. In formularul de contact clien\u0163ii trebuie s\u0103 confirme faptul c\u0103 au \u00eemplinit v\u00e2rsta de 18 ani<strong>.<\/strong><\/p>\n<p><strong>\u00ceN CE MOD PRELUCR\u0102M DATELE TALE?<\/strong><\/p>\n<p><strong>drojdiifuraje-cordostef.ro\/magazin\u00a0 <\/strong>colecteaz\u0103 \u0219i prelucreaz\u0103 datele tale pentru onorarea comenzilor pe care le faci \u0219i livrarea produselor pe care \u021bi le dore\u0219ti, \u00eembun\u0103t\u0103\u021birea experien\u021belor tale de navigare, oferirea de asisten\u021b\u0103 \u0219i suport atunci c\u00e2nd utilizezi website-ul.<\/p>\n<p><strong>PROFILAREA \u00ceN SCOP DE MARKETING DIRECT<\/strong><\/p>\n<p><strong>\u00a0<\/strong>Atunci c\u00e2nd \u00ee\u021bi trimitem oferte personalizate prin canale de marketing direct (sms, e-mail, notific\u0103ri push-up) putem folosi anumite \u201etehnici de profilare\u201d respectiv, o modalitate de prelucrare automat\u0103 a datelor tale const\u00e2nd \u00een special \u00een analiza \u0219i interpretarea datelor tale personale necesare pentru a evalua sau prevedea unele aspecte legate de preferin\u021bele, interesele tale. \u00cen scop de profilare,\u00a0<strong>drojdiifuraje-cordostef.ro\/magazin <\/strong>nu prelucreaz\u0103 date sensibile privind orientarea sexual\u0103, credin\u021bele religioase sau afilierile politice.<\/p>\n<p>Comportamentul \u0219i preferin\u021bele tale personale la cump\u0103r\u0103turi reies din istoricul t\u0103u de vizite \u0219i\/sau cump\u0103r\u0103turi, din situa\u021bia ta financiar\u0103 care rezult\u0103 \u00een urma cump\u0103r\u0103turilor pe care le faci, \u0219i alte interese personale pe care ni le-ai furnizat, interese comune cu ale altor clien\u021bi.<\/p>\n<p>Vom p\u0103stra datele tale doar at\u00e2t timp c\u00e2t continui s\u0103 faci vizitezi website-ul.<\/p>\n<p>Pentru\u00a0<strong>scopurile<\/strong>\u00a0<strong>pentru care ne-ai oferit consim\u021b\u0103m\u00e2ntul<\/strong>\u00a0la prelucrarea datelor, eviden\u021biate \u00een tabelul de mai sus, vom prelucra datele tale cu privire la respectivul scop p\u00e2n\u0103 c\u00e2nd \u00ee\u021bi retragi consim\u021b\u0103m\u00e2ntul privind prelucrarea \u00een scopul respectiv, cu excep\u021bia cazului \u00een care suntem obliga\u021bi s\u0103 men\u021binem aceste date pentru o perioad\u0103 mai lung\u0103 potrivit legii, pentru raport\u0103ri la autorit\u0103\u021bile publice, sau pentru a ne ap\u0103ra drepturile \u00een justi\u021bie.<\/p>\n<p>Te inform\u0103m c\u0103 ne baz\u0103m pe consim\u021b\u0103m\u00e2ntul t\u0103u atunci c\u00e2nd prelucr\u0103m datele tale pentru a-\u021bi transmite:<\/p>\n<ul>\n<li>oferte personalizate pe baz\u0103 de publicitate comportamental\u0103 online;<\/li>\n<li>oferte personalizate bazate pe profilarea pe care o facem \u00een scop de marketing direct, prin canalele de comunicare sms, email \u0219i notific\u0103ri push-up;<\/li>\n<li>oferte bazate pe audien\u021bele personalizate (pe liste de clien\u021bi) \u00een Facebook.<\/li>\n<\/ul>\n<p><strong>*<\/strong><em>Consim\u021b\u0103m\u00e2nt<\/em>\u00a0\u2013 \u00eenseamn\u0103 acordul t\u0103u liber, specific \u0219i informat prin care accep\u021bi f\u0103r\u0103 dubiu ca datele tale s\u0103 fie prelucrate de c\u0103tre Noi \u00een scopul pentru care \u00ee\u021bi dai acordul. \u00cen Magazinul Online \u00ee\u021bi po\u021bi exprima consim\u021b\u0103m\u00e2ntul prin\u00a0<strong>ac\u021biunea ta de a bifa c\u0103su\u021ba relevant\u0103\u00a0<\/strong>asociat\u0103 scopului \u0219i mijlocului de prelucrare precizat \u00een prezenta Not\u0103 de informare.<\/p>\n<p><strong>CU CINE \u00ceMP\u0102RT\u0102\u0218IM DATELE TALE?<\/strong><\/p>\n<p><strong>Datele tale personale pot fi transmise c\u0103tre \u0219i pot fi prelucrate de partenerii no\u0219tri de \u00eencredere pentru a-\u021bi furniza produse<\/strong><\/p>\n<p>Pentru a-\u021bi furniza produsele vom partaja datele tale cu partenerii no\u0219tri de \u00eencredere. Select\u0103m foarte atent partenerii \u0219i furnizorii care efectueaz\u0103, \u00een numele nostru, opera\u021biuni suport activit\u0103\u021bii noastre. \u00cemp\u0103rt\u0103\u0219im cu ace\u0219tia doar datele personale necesare realiz\u0103rii activit\u0103\u021bilor specifice pe care le \u00eencredin\u021b\u0103m acestora.<\/p>\n<p>Atunci c\u00e2nd externaliz\u0103m anumite activit\u0103\u021bi c\u0103tre partenerii no\u0219tri de \u00eencredere depunem toate eforturile rezonabile pentru a ne verifica \u00een prealabil dac\u0103 ace\u0219tia asigur\u0103 protec\u021bia datelor tale prin m\u0103suri stricte de securitate a datelor \u0219i vom \u00eencheia cu fiecare contracte de prelucrare a datelor.<\/p>\n<p>Mai exact, transmitem unele date c\u0103tre ter\u021be p\u0103r\u021bi (furnizorii \u0219i partenerii no\u0219tri) pentru realizarea func\u021biilor \u0219i serviciilor necesare oper\u0103rii activit\u0103\u021bilor de pe website-ul http:\/\/drojdiifuraje-cordostef.ro, cum ar fi:<\/p>\n<ul>\n<li>\u00a0furnizorul care ne asigur\u0103 servicii de stocare a datelor pe servere externe situat \u00een Rom\u00e2nia;<\/li>\n<\/ul>\n<ul>\n<li>furnizorul aplica\u021biei de gestionare a opera\u021biunilor \u00een depozit \u0219i punctele de preluare a produselor, sau care ne ajut\u0103 s\u0103 v\u0103 print\u0103m \u0219i livr\u0103m facturile produselor livrate \u00een localit\u0103\u0163i situate \u00een Rom\u00e2nia;<\/li>\n<\/ul>\n<ul>\n<li>furnizorul serviciilor de telefonie mobil\u0103 care ne ajut\u0103 s\u0103 \u021binem leg\u0103tura cu tine, situat \u00een Rom\u00e2nia;<\/li>\n<\/ul>\n<ul>\n<li>curieri ter\u021bi autoriza\u021bi de noi s\u0103 livreze produsele cump\u0103rate de tine<\/li>\n<\/ul>\n<ul>\n<li>procesatorii de pl\u0103\u021bi care sunt autoriza\u021bi de noi s\u0103 intermedieze pl\u0103\u021bile \u00een sistem 3D Secure (PayU);<\/li>\n<\/ul>\n<p><strong>CUM ASIGUR\u0102M SECURITATEA DATELOR TALE?<\/strong><\/p>\n<p><strong>drojdiifuraje-cordostef.ro\/magazin\u00a0 <\/strong>asigur\u0103 m\u0103surile tehnice \u0219i organizatorice necesare pentru colectarea, prelucrarea \u0219i p\u0103strarea datelor \u00een siguran\u021b\u0103, inclusiv \u00eempotriva accesului neautorizat, al utiliz\u0103rii neautorizate a datelor, sau distrugerii, pierderii sau alter\u0103rii datelor. Ne angaj\u0103m s\u0103 p\u0103str\u0103m datele tale personale \u00een siguran\u021b\u0103 \u0219i lu\u0103m toate m\u0103surile de protec\u021bie rezonabile pentru a face acest lucru.<\/p>\n<p>Implement\u0103m procese sistematice de instruire a persoanelor responsabile de securitatea IT \u0219i de monitorizare \u0219i audit al securit\u0103\u021bii sistemelor \u0219i infrastructuri IT conform politicilor interne ale\u00a0<strong>drojdiifuraje-cordostef.ro\/magazin<\/strong><\/p>\n<p>\u00cen plus, depunem toate eforturile rezonabile pentru a ne asigura (inclusiv prin contractele \u00eencheiate cu ace\u0219tia) c\u0103 \u0219i parteneri no\u0219tri de \u00eencredere gestioneaz\u0103 m\u0103suri tehnice \u0219i organizatorice adecvate pentru prelucrarea datelor pe care le \u00eemp\u0103rt\u0103\u0219im cu ace\u0219tia.<\/p>\n<p>&nbsp;<\/p>\n<p><strong>CE DREPTURI \u015eI OP\u021aIUNI AI CU PRIVIRE LA DATELE TALE?<\/strong><\/p>\n<p>Dorim s\u0103 ne asigur\u0103m c\u0103 \u00een orice moment ai controlul deplin asupra datelor tale \u0219i c\u0103 \u00ee\u021bi po\u021bi exercita efectiv drepturile \u0219i op\u021biunile pe care le ai potrivit GDPR.<\/p>\n<p>Pentru a ne asigura c\u0103 ai controlul efectiv al datelor tale, te inform\u0103m c\u0103 ai urm\u0103toarele posibilit\u0103\u021bi bazate pe tehnologiile pe care le ai la dispozi\u021bie:<\/p>\n<ul>\n<li>vei putea \u0219terge cookie-urile sau istoricul navig\u0103rilor din set\u0103rile website-ului; \u00een plus, po\u021bi alege s\u0103 modifici set\u0103rile browser-ului pe care \u00eel folose\u0219ti astfel \u00eenc\u00e2t s\u0103 restric\u021bionezi urm\u0103rirea de c\u0103tre cookie-uri a comportamentului t\u0103u pe website (totu\u0219i, aceste restric\u021bion\u0103ri \u00ee\u021bi pot afecta experien\u021ba de navigare )<\/li>\n<li>platformele social media \u0219i motoarele de c\u0103utare (de ex. Google sau Facebook) \u00ee\u021bi ofer\u0103 posibilitatea de a gestiona diverse op\u021biuni privind modul \u00een care alegi s\u0103 \u00ee\u021bi prelucreze datele.<\/li>\n<\/ul>\n<p>\u00cen plus acestor op\u021biuni, GDPR \u00ee\u021bi ofer\u0103, \u00een calitate de persoan\u0103 vizat\u0103, drepturile descrise mai jos. \u00cenainte de a da curs oric\u0103rei solicit\u0103ri privind drepturile tale, ne vom asigura c\u0103 e\u0219ti titularul datelor cu privire la care alegi s\u0103 \u00ee\u021bi exerci\u021bi aceste drepturi, iar pentru acest scop \u00ee\u021bi putem solicita unele informa\u021bii\/ date pentru a verifica identitatea ta, sau putem solicita mai multe detalii despre solicitarea ta. Coresponden\u021ba pe care o vom purta cu tine o vom putea p\u0103stra pentru a asigura c\u0103 \u021binem eviden\u021ba solicit\u0103rilor \u0219i \u0219i r\u0103spunsurilor privind drepturile tale.<\/p>\n<p><strong>Dreptul de a fi informat. Ai dreptul de a primi informa\u021bii clare, transparente, u\u0219or de \u00een\u021beles \u0219i u\u0219or accesibile cu privire la modul \u00een care prelucr\u0103m datele tale, inclusiv detalii privind drepturile tale, \u00een calitate de persoan\u0103 vizat\u0103. Aceste informa\u021bii despre datele, scopul \u0219i modul \u00een care noi prelucr\u0103m datele tale sunt incluse \u0219i \u00een aceast\u0103 Politic\u0103.<\/strong><\/p>\n<p><strong>Dreptul de acces la date. Ai dreptul de a accesa datele pe care le prelucr\u0103m despre tine, f\u0103r\u0103 a percepe vreun fel de tax\u0103 la primele furniz\u0103ri de date. Dac\u0103 vei avea nevoie de copii ale datelor deja furnizate, vom putea percepe o tax\u0103 rezonabil\u0103 \u021bin\u00e2nd cont de costurile administrative de furnizare a datelor. Vom avea dreptul de a refuza cererile excesive sau repetate \u0219i nejustificate.<\/strong><\/p>\n<p><strong>Pentru a-\u021bi exercita dreptul de acces, ne po\u021bi trimite solicitarea ta prin e-mail la adresa:\u00a0<em>office@<\/em><\/strong>\u00a0<strong><em>drojdiifuraje-cordostef.ro<\/em><\/strong><\/p>\n<p><strong>Dreptul la rectificarea datelor.\u00a0<\/strong>\u00cen cazul \u00een care identifici c\u0103 datele tale pe care le prelucr\u0103m sunt incorecte, incomplete sau inexacte:\u00a0<strong>ne po\u021bi trimite o solicitarea de rectificare la adresa de e-mail :\u00a0<em>office@ drojdiifuraje-cordostef.ro<\/em><\/strong><\/p>\n<p><strong>Dreptul de a te opune marketing-ului direct (inclusiv profilarea \u00een scop de marketing direct).\u00a0<\/strong>Te po\u021bi opune oric\u00e2nd \u0219i dezabona la comunic\u0103rile noastre de marketing direct \u00een orice moment. Po\u021bi face acest lucru u\u0219or prin a da click pe linkul \u201edezabonare\u201d \u00een orice e-mail pe care le vom trimite c\u0103tre tine sau din contul tau la sectiunea \u201eSet\u0103ri cont\u201d.<\/p>\n<p>\u00cen plus, po\u021bi opta pentru retragerea consim\u021b\u0103m\u00e2ntului t\u0103u exprimat anterior pentru transmiterea de oferte personalizate bazate pe profilare prin acelea\u0219i canale prin care \u00ee\u021bi comunic\u0103m aceste oferte, respectiv: email, sms sau notific\u0103ri push-up.<\/p>\n<p><strong>Retragerea consim\u021b\u0103m\u00e2ntului (prin dezabonare sau solicitare scris\u0103) nu afecteaz\u0103 legalitatea prelucr\u0103rii pe baza consim\u021b\u0103m\u00e2ntului \u00eenainte de retragerea acestuia.<\/strong><\/p>\n<p><strong>Dreptul de a v\u0103 opune prelucr\u0103rii bazate pe interes legitim. Te po\u021bi opune \u00een orice moment oric\u0103rei prelucr\u0103ri de date atunci c\u00e2nd la o astfel de prelucrare ne baz\u0103m pe interesul nostru legitim.\u00a0Po\u021bi exercita acest drept \u00een scris\u00a0<\/strong>prin transmiterea unei solicit\u0103ri scrise la adresa\u00a0<strong>de e-mail:\u00a0<em>office@ drojdiifuraje-cordostef.ro<\/em><\/strong><\/p>\n<p><strong>Dreptul\u00a0de \u0219tergere a\u00a0datelor\u00a0(<em>dreptul de a fi uitat<\/em>). Ai dreptul de a ne solicita \u0219tergerea datelor tale \u00een oricare dintre situa\u021biile urm\u0103toare:<\/strong><\/p>\n<ol>\n<li><strong>a)\u00a0datele personale nu mai sunt necesare pentru \u00eendeplinirea scopurilor pentru care le-am prelucrat anterior;<\/strong><\/li>\n<li><strong>b) \u00ee\u021bi retragi consim\u021b\u0103m\u00e2ntul pe baza c\u0103ruia am prelucrat datele tale \u0219i nu exist\u0103 un alt temei juridic pe care ne putem baza o prelucrare viitoare;<\/strong><\/li>\n<li><strong>c) te opui prelucr\u0103rii datelor atunci c\u00e2nd prelucr\u0103m datele \u00een scop de marketing direct (inclusiv,\u00a0<\/strong>profilarea \u00een scop de marketing direct<strong>),<\/strong><\/li>\n<li><strong>d) te opui prelucr\u0103rii datelor bazat pe interesul nostru legitim \u0219i nu putem s\u0103 demonstr\u0103m c\u0103 avem motive legitime care justific\u0103 prelucrarea \u0219i care prevaleaz\u0103 asupra intereselor, drepturilor \u0219i libert\u0103\u021bilor tale;<\/strong><\/li>\n<li><strong>e) datele personale sunt prelucrate contrar legii;<\/strong><\/li>\n<li><strong>f) datele personale trebuie \u0219terse pentru a ne conforma obliga\u021biilor noastre legale.\u00a0Acesta nu este un drept absolut. Vom putea respinge solicitarea ta de \u0219tergere a datelor dac\u0103: (i) suntem \u021binu\u021bi s\u0103 ne conform\u0103m unor obliga\u021bii legale de a p\u0103stra datele; sau (ii) dac\u0103 datele ne sunt necesare pentru constatarea, exercitarea sau ap\u0103rarea drepturilor noastre \u00een justi\u021bie.\u00a0Po\u021bi exercita acest drept \u00een scris\u00a0<\/strong>prin transmiterea unei solicit\u0103ri scrise la adresa<strong>de e-mail:\u00a0<em>office@ drojdiifuraje-cordostef.ro<\/em><\/strong><\/li>\n<\/ol>\n<p><strong>Dreptul de a restric\u021biona prelucrarea.\u00a0<\/strong>Ai dreptul de a ob\u021bine din partea noastr\u0103 restric\u021bionarea prelucr\u0103rii datelor\u00a0<strong>\u00een una din\u00a0<\/strong>situa\u021biile descrise mai jos.<\/p>\n<p>(a)\u00a0\u00a0exactitatea datelor este contestat\u0103 de tine (persoan\u0103 vizar\u0103), pentru o perioad\u0103 care ne va permite s\u0103 verific\u0103m corectitudinea datelor;<\/p>\n<p>(b)\u00a0\u00a0prelucrarea datelor este ilegal\u0103 iar tu (persoana vizat\u0103) te opui \u0219tergerii datelor \u0219i ne solici\u021bi restric\u021bionarea prelucr\u0103rii acestor date;<\/p>\n<p>(c)\u00a0\u00a0\u00a0nu mai avem nevoie de datele tale, dar acestea sunt solicitate de tine (persoana vizat\u0103) pentru stabilirea, exercitarea sau ap\u0103rarea unor preten\u021bii legale;<\/p>\n<p>(d)\u00a0\u00a0tu (persoana vizat\u0103) ridici unele obiec\u021bii cu privire la prelucrarea datelor bazat\u0103 pe interesele noastre legitime, \u00een temeiul verific\u0103rii dac\u0103 motivele legitime ale operatorului le dep\u0103\u0219esc pe cele ale persoanei vizate (adic\u0103 ale tale).<\/p>\n<p><strong>Po\u021bi exercita acest drept \u00een scris\u00a0<\/strong>prin transmiterea unei solicit\u0103ri scrise la adresa<strong>\u00a0de e-mail :\u00a0<em>office@ drojdiifuraje-cordostef.ro<\/em><\/strong><\/p>\n<p><strong>Dreptul de portabilitate.<\/strong>\u00a0Atunci c\u00e2nd prelucr\u0103m datele tale \u00een baza consim\u021b\u0103m\u00e2ntului sau execut\u0103rii contractului, \u0219i \u00een mod automat, vei avea dreptul s\u0103 ne solici\u021bi transferul datelor tale: (a) c\u0103tre tine sau (ii) c\u0103tre un alt operator indicat de tine. Cea de-a doua situa\u021bie presupune c\u0103 ai op\u021biunea de a ne solicita transmiterea datelor asociate contului de client c\u0103tre un alt operator de date (de ex. c\u0103tre un operator care administreaz\u0103 un alt website de magazin online). Mai exact, vei putea solicita doar portarea datelor cu caracter personal dintre cele pe care ni le-ai furnizat direct .<\/p>\n<p><strong>Po\u021bi exercita acest drept \u00een scris\u00a0<\/strong>prin transmiterea unei solicit\u0103ri scrise la adresa<strong>\u00a0de e-mail:\u00a0<em>office@ drojdiifuraje-cordostef.ro<\/em><\/strong><\/p>\n<p><strong>\u00a0Vom transmite datele tale solicitate conform celor precizate aici \u00eentr-un\u00a0<\/strong>format structurat \u0219i care permite reutilizarea datelor (de ex. \u00een format XML, JSON, CSV)<\/p>\n<p><strong>Dreptul de a face pl\u00e2ngeri la autoritatea de supraveghere<\/strong>. Ai dreptul s\u0103 depui orice pl\u00e2ngeri \u00een fa\u021ba Autorit\u0103\u0163ii Na\u0163ionale de Supraveghere a Prelucr\u0103rii Datelor cu Caracter Personal (\u201eA.N.S.P.D.C.P.\u201d) asupra modului \u00een care noi prelucr\u0103m datele tale personale. Totu\u0219i, sper\u0103m c\u0103 vei decide s\u0103 discu\u021bi mai \u00eent\u00e2i cu noi, \u00eenainte de a depune orice pl\u00e2ngeri la A.N.S.P.D.C.P. Protec\u021bia datelor tale este foarte important\u0103 pentru noi \u0219i vom lua toate masurile necesare pentru a solu\u021biona orice problem\u0103 cu privire la controlul \u0219i securitatea datelor tale.\u00a0De asemenea, te po\u021bi adresa cu diverse \u00eentreb\u0103ri \u0219i c\u0103tre A.N.S.P.D.C.P., autoritatea de supraveghere a protec\u021biei datelor din Rom\u00e2nia.<strong>\u00a0<\/strong>Po\u021bi g\u0103si unele ghiduri \u0219i linii directoare privind drepturile tale pe pagina web a autorit\u0103\u021bii\u00a0<strong>\u00a0http:\/\/www.dataprotection.ro<\/strong><\/p>\n<p>&nbsp;<\/p>\n<p><strong>C\u00c2ND SE ACTUALIZEAZ\u0102 ACEAST\u0102 POLITIC\u0102<\/strong><\/p>\n<p>Prezenta Politic\u0103 de Prelucrare a Datelor este supus\u0103 modific\u0103rilor \u0219i se completeaz\u0103 cu celelalte politici specifice ale\u00a0<strong>drojdiifuraje-cordostef.ro \u00a0<\/strong>respectiv:\u00a0 \u00a0Politica de utilizare a cookies, disponibile pe website-ul<strong> drojdiifuraje-cordostef.ro \/magazin<\/strong><\/p>\n<\/div>\n<footer class=\"entry-footer\"><\/footer>\n<\/div>\n<\/article>\n<p>&nbsp;<\/p>\n<\/div>\n<\/div>\n<div id=\"footer\" class=\"container_wrap footer_color\">\n<div class=\"container\">\n<div class=\"flex_column av_one_third first el_before_av_one_third\">\n<section id=\"text-3\" class=\"widget clearfix widget_text\">\n<h3 class=\"widgettitle\">S.C Cordostef S.R.L<\/h3>\n<div class=\"textwidget\">\n<p>Sediu: str. Cpt Cretu Florin Nr .9, Focsani, Vrancea<\/p>\n<p>J39\/533\/2014\u00a0 \u00a0 \/\u00a0 \u00a0CUI: 33723969<\/p>\n<p>Depozit: str. Comisia Centrala nr. 80A , Focsani,Vrancea<\/p>\n<p>&nbsp;<\/p>\n<\/div>\n<\/section>\n<\/div>\n<div class=\"flex_column av_one_third el_after_av_one_third el_before_av_one_third \">\n<section id=\"text-4\" class=\"widget clearfix widget_text\">\n<h3 class=\"widgettitle\">Contact<\/h3>\n<div class=\"textwidget\">\n<p>Tel.(+40) 736.996.335, (+40) 723.735.432<\/p>\n<p>email: office@drojdiifuraje-cordostef.ro<\/p>\n<\/div>\n<\/section>\n<\/div>\n<\/div>\n<\/div>\n<\/div>\n<\/div>\n","protected":false},"excerpt":{"rendered":"<p>POLITICA PRIVIND PRELUCRAREA DATELOR PERSONALE &nbsp; Ne-ai acordat \u00eencredere, navig\u00e2nd pe site-ul nostru \u00a0\u0219i \u00ee\u021bi mul\u021bumim pentru asta. drojdiifuraje-cordostef.ro\/magazin\u00a0 te asigur\u0103 c\u0103 va prelucra datele tale \u00een mod onest, transparent<\/p>\n","protected":false},"author":3,"featured_media":0,"parent":0,"menu_order":0,"comment_status":"closed","ping_status":"closed","template":"","meta":{"footnotes":""},"class_list":{"1":"page","2":"type-page","3":"status-publish","4":"hentry"},"_links":{"self":[{"href":"https:\/\/drojdiifuraje-cordostef.ro\/magazin\/wp-json\/wp\/v2\/pages\/3","targetHints":{"allow":["GET"]}}],"collection":[{"href":"https:\/\/drojdiifuraje-cordostef.ro\/magazin\/wp-json\/wp\/v2\/pages"}],"about":[{"href":"https:\/\/drojdiifuraje-cordostef.ro\/magazin\/wp-json\/wp\/v2\/types\/page"}],"author":[{"embeddable":true,"href":"https:\/\/drojdiifuraje-cordostef.ro\/magazin\/wp-json\/wp\/v2\/users\/3"}],"replies":[{"embeddable":true,"href":"https:\/\/drojdiifuraje-cordostef.ro\/magazin\/wp-json\/wp\/v2\/comments?post=3"}],"version-history":[{"count":10,"href":"https:\/\/drojdiifuraje-cordostef.ro\/magazin\/wp-json\/wp\/v2\/pages\/3\/revisions"}],"predecessor-version":[{"id":26603,"href":"https:\/\/drojdiifuraje-cordostef.ro\/magazin\/wp-json\/wp\/v2\/pages\/3\/revisions\/26603"}],"wp:attachment":[{"href":"https:\/\/drojdiifuraje-cordostef.ro\/magazin\/wp-json\/wp\/v2\/media?parent=3"}],"curies":[{"name":"wp","href":"https:\/\/api.w.org\/{rel}","templated":true}]}}