{"id":12495,"date":"2022-11-16T16:05:12","date_gmt":"2022-11-16T14:05:12","guid":{"rendered":"https:\/\/drojdiifuraje-cordostef.ro\/magazin\/?page_id=12495"},"modified":"2022-11-16T16:11:20","modified_gmt":"2022-11-16T14:11:20","slug":"termeni-si-conditii","status":"publish","type":"page","link":"https:\/\/drojdiifuraje-cordostef.ro\/magazin\/termeni-si-conditii\/","title":{"rendered":"Termeni si conditii"},"content":{"rendered":"<p><strong>TERMENI SI CONDITII<\/strong><\/p>\n<p>Prezentul regulament reprezinta termenii si conditiile de utilizare ale site-ului http:\/\/drojdiifuraje-cordostef.ro\/magazin. Orice comanda plasata pe acest site trebuie sa fie de acord cu prezentul Regulament. Orice comanda va fi realizata \u00een conformitate cu acest Regulament si cu legislatia aplicabila \u00een vigoare.<\/p>\n<p><strong>REGULAMENTUL MAGAZINULUI<\/strong><\/p>\n<p><strong>INTRODUCERE<\/strong><\/p>\n<ul>\n<li><strong>S.C Cordostef S.R.L , cu sediul \u00een Focsani, jud. VRANCEA, CUI 33723969, J39\/533\/2014,\u00a0<\/strong>este operatorul datelor tale \u0219i entitatea care \u00ee\u021bi furnizeaz\u0103, prin intermediul platformei online (website) informatii .<\/li>\n<li>Faciliteaza achizitionarea de marfuri cu ajutorul retelei electronice (Internet) \u2013 de la adresa: https:\/\/drojdiifuraje-cordostef.ro\/magazin. Administratorul datelor personale ale clientilor Magazinului este societatea <strong>S.C Cordostef S.R.L<\/strong><\/li>\n<li>Prezentul Regulament stabileste principiile de efectuare a \u00eenregistrarilor si de utilizare a contului de magazin, principiile de rezervare pe cale electronica a produselor disponibile \u00een magazin, de plasare de comenzi, precum si principiul \u00eencheierii contractelor de v\u00e2nzare a marfurilor.<\/li>\n<li>Informatiile despre marfurile din magazin constituie o invitatie la \u00eencheierea de contracte de v\u00e2nzare \u00een sensul legilor \u00een vigoare, conform conditiilor din documentul Termeni si Conditii.<\/li>\n<li>Informatii detaliate despre proprietatile marfii, pretul acesteia, materialul din care este realizata etc.<\/li>\n<li>Fotografiile si prezentarile produselor oferite au drept scop prezentarea acelor modele de marfuri concret indicate de acestea.<\/li>\n<\/ul>\n<p>&nbsp;<\/p>\n<p><strong>REGULILE DE UTILIZARE A MAGAZINULUI SI DE INCHEIERE DE CONTRACTE DE V\u00c2NZARE A MARFURILOR<\/strong><\/p>\n<ol>\n<li>Contractul de v\u00e2nzare a marfurilor se \u00eencheie \u00eentre utilizatorul magazinului (\u201eCLIENT\u201d) si S.C CORDOSTEF S.R.L<\/li>\n<li>Conditiile utilizarii magazinului sunt cunoasterea acestui Regulament si acceptarea sa.<\/li>\n<li>Informatiile furnizate de Client \u00een timpul plasarii comenzii trebuie sa fie reale, actuale si exacte. S.C CORDOSTEF S.R.L \u00eesi rezerva dreptul de a refuza realizarea comenzii, \u00een cazul c\u00e2nd datele furnizate nu sunt suficient de exacte si nu permit predarea corespunzatoare a produselor. \u00cenainte de a refuza realizarea comenzii, S.C CORDOSTEF S.R.L va depune toate eforturile pentru contactarea Clientului, pentru a stabili datele necesare pentru realizarea comenzii.<\/li>\n<li>Magazinul ia toate masurile administrative impuse de normele juridice, pentru protejarea datelor personale ale Clientilor si mai ales de a preveni obtinerea si modificarea de catre persoane neautorizate a datelor personale furnizate \u00een timpul \u00eenregistrarii.<\/li>\n<\/ol>\n<p>&nbsp;<\/p>\n<p>Clientul care a utilizat Magazinul are obligatiile:<\/p>\n<ul>\n<li>a)\u00a0\u00a0\u00a0\u00a0\u00a0\u00a0 de a nu furniza si transmite informatii interzise prin lege;<\/li>\n<li>b)\u00a0\u00a0\u00a0\u00a0\u00a0\u00a0 de a utiliza Magazinul \u00eentr-un mod care sa nu perturbe functionarea acestuia;<\/li>\n<li>c)\u00a0\u00a0\u00a0\u00a0\u00a0\u00a0 de a nu difuza si de a nu plasa \u00een cadrul Magazinului informatii comerciale incorecte;<\/li>\n<li>d)\u00a0 \u00a0 \u00a0 de a utiliza Magazinul \u00eentr-un mod care sa nu creeze inconveniente pentru alti clienti si pentru Administratorul Magazinului;<\/li>\n<li>e)\u00a0\u00a0\u00a0\u00a0\u00a0\u00a0 de a folosi informatiile amplasate \u00een paginile magazinului doar \u00een scop personal.<\/li>\n<\/ul>\n<p>&nbsp;<\/p>\n<p><strong>III. INCHEIEREA CONTRACTELOR DE V\u00c2NZARE:<\/strong><\/p>\n<ol>\n<li>Plasarea comenzilor se realizeaza dupa cum urmeaza:<\/li>\n<li>a)\u00a0\u00a0\u00a0\u00a0\u00a0\u00a0 pe pagina web a Magazinului, urm\u00e2nd procedura de plasare a comenzilor,<\/li>\n<li>b)\u00a0\u00a0\u00a0\u00a0\u00a0\u00a0 telefonic, prin contact cu infolinia Magazinului la numarul de telefon : 0736.996.335<\/li>\n<li>c)\u00a0\u00a0\u00a0\u00a0\u00a0\u00a0 prin e-mail, transmit\u00e2nd comanda cu Marfurile alese pe adresa: officei@drojdiifuraje-cordostef.ro<\/li>\n<li>Clientul poate plasa o comanda fara a fi nevoie de a-si \u00eenregistra permanent datele personale \u00een baza de date a Magazinului (asa numitele cumparaturi fara \u00eenregistrare).<\/li>\n<li>Conditia plasarii comenzii o constituie completarea \u00een formular a tuturor datelor cerute, necesare pentru expediere si pentru generarea din sistem a facturii fiscale sau bonului fiscal.<\/li>\n<li>Pentru a plasa o comanda se aleg Marfurile din Magazin, mai ales \u00een ceea ce priveste cantitatea, culoare, marimea, dupa care se trece la \u201cCos de cumparaturi\u201d si continua procedura de plasare a comenzii select\u00e2ndu-se diferitele optiuni.<\/li>\n<li>Magazinul primeste comenzile plasate on-line pe parcursul \u00eentregii zile, \u00een toate zilele saptam\u00e2nii. Comenzile plasate prin telefon sau prin posta electronica sunt primite \u00een zilele lucratoare \u00eentre orele 9.00 \u2013 18.00. Comenzile plasate \u00een zilele libere sau de sarbatori vor fi prelucrate \u00een decurs de doua zile lucratoare de la data plasarii comenzii<\/li>\n<li>P\u00e2na la momentul confirmarii selectarii Marfurilor cu tasta \u201eTrimite comanda\u201d Clientul are posibilitatea de a efectua modificari referitoare la Marfa din comanda, precum si la datele pentru livrare si de facturare. Confirmarea de catre Client a comenzii prin tasta \u201eComanda si plateste\u201d este echivalenta cu acceptarea obligatiei de a face plata pretului Marfurilor si a costurilor de livrare, lucru despre care Clientul este informat direct, \u00eenainte de confirmarea comenzii.<\/li>\n<li>Confirmarea de catre Client a comenzii conform pct. 6 de mai sus constituie oferta transmisa de Client catre S.C CORDOSTEF S.R.L, de a \u00eencheia contractul de v\u00e2nzare, conform continutului comenzii si prezentului Regulament.<\/li>\n<li>In momentul plasarii comenzii conform pct. 6 de mai sus, Clientul primeste la adresa de e-mail indicata un mesaj referitor la comanda plasata: cantitatile de Marfuri comandate, valoarea comenzii, tipul de livrare si de plata ales, timpul de livrare a comenzii precum si datele de contact ale Clientului, Magazinului, informatii despre modul de depunere a reclamatiei \u00een privinta Marfurilor precum si despre dreptul Clientului de a se retrage din contractul de v\u00e2nzare. Procedura aceasta reprezinta si o confirmare a primirii de catre Magazin a ofertei de achizitie din partea Clientului.<\/li>\n<li>Magazinul transmite confirmarea acceptului sau refuzul de a accepta comanda Clientului, transmisa prin e-mail sau telefonic (Confirmarea realizarii si livrarii comenzii) la adresa de e-mail indicata de acesta. Dupa primirea acestei confirmari, se ajunge la \u00eencheierea \u00eentre Client si S.C CORDOSTEF S.R. La contractului de v\u00e2nzare a Marfurilor comandate de Client.<\/li>\n<li>Contractul de v\u00e2nzare se \u00eencheie \u00een limba rom\u00e2na, av\u00e2nd continutul prezentulului Regulament completat cu comanda plasata de Client.<\/li>\n<li>Fara atingerea dreptului Clientului de se retrage din contract, conform legislatiei \u00een vigoare, Clientul poate renunta la comanda \u00eenainte de a primi de la Magazin confirmarea ofertei de achizitie, adica \u00eenainte de a primi mailul care confirma acceptarea comenzii spre realizare, despre care se vorbeste la pct. 9 de mai sus. In aceasta privinta, Clientul trebuie sa contacteze urgent legatura cu Magazinul \u2013 este posibil prin telefon, cu confirmare prin e-mail.<\/li>\n<li>In cazul alegerii de catre Client a altei forme de plata dec\u00e2 \u201cramburs\u201d Magazinul \u00eesi rezerva dreptul de a refuza realizarea comenzii \u00een cadrul contractului de v\u00e2nzare, \u00een cazul c\u00e2nd: (i) datele de contact ale Cumparatorului sunt at\u00e2t de neclare, \u00eenc\u00e2t fac imposibila livrarea marfii, (ii) tranzactia nu a fost autorizata \u00een sistemul de plati electronice sau (iii) plata pentru comanda nu a fost efectuata \u00een termen de 2 zile lucratoare de la data plasarii comenzii.<\/li>\n<\/ol>\n<p>&nbsp;<\/p>\n<ol>\n<li><strong>LIVRAREA SI RECEPTIONAREA MARFURILOR<\/strong><\/li>\n<li>Marfurile sunt livrate la adresa indicata de catre Client \u00een comanda. Termenul estimativ pentru livrarea Marfurilor este stabilit \u00een rezumatul comenzii, \u00eenainte de confirmarea de catre Client a plasarii comenzii prin tasta \u201eTrimite comanda\u201d.<\/li>\n<li>Timpul prevazut pentru livrarea prin curier este de maximum 5 zile lucratoare din ziua trimiterii comenzii.<\/li>\n<li>Marfurile sunt livrate la adresa indicata de pe teritoriul Rom\u00e2niei de catreo firma de curierat. Taxele pentru livrarea produselor se indica \u00een procesul de plasare a comenzii.<\/li>\n<li>Costul de expediere a Marfurilor achizitionate, este suportat de catre Client, lucru despre care este informat tot \u00eenainte de confirmarea comenzii plasate. La fiecare produs expediat se ataseaza dovada achizitionarii (bon fiscal sau factura fiscala) precum si un formular de \u00eenlocuire\/returnare a marfii.<\/li>\n<li><strong>PRETURI SI METODE DE PLATA<\/strong><\/li>\n<li>Informatia despre pretul de achizitie al marfii de pe pagina de web a magazinului este obligatorie din momentul primirii de catre Client a unui e-mail de confirmare a acceptarii comenzii plasate de acesta, pentru achizitia Marfurilor selectate, conform pct. II par. 9. Respectivul pret nu mai sufera modificari, indiferent de modificarile de pret din Magazin care mai pot avea loc dupa confirmarea comenzii prin mail.<\/li>\n<li>Preturile produselor din magazine sunt exprimate \u00een lei si contin toate taxele, inclusiv TVA, taxe vamale si impozite.<\/li>\n<li>Clientul va achita pretul Produselor comandate si cheltuielile de expeditie, dupa cum doreste:<\/li>\n<li>a)\u00a0\u00a0\u00a0\u00a0\u00a0\u00a0\u201cprin ramburs\u201d, achit\u00e2nd firmei de curierat la livrare<\/li>\n<li>b)\u00a0\u00a0\u00a0\u00a0\u00a0\u00a0 prin sistemul de plata electronic daca acesta este disponibil.<\/li>\n<li>S.C CORDOSTEF S.R.L\u00eesi rezerva dreptul de a modifica pretul marfurilor aflate \u00een Magazin, de a introduce \u00een v\u00e2nzare marfuri noi, de a desfasura sau de a revoca actiuni de promovare pe pagina de web a Magazinului, de a introduce pe aceasta modificari conforme cu prevederile legislatiei \u00een vigoare, cu conditia ca aceste modificari sa nu \u00eencalce drepturile persoanelor care au \u00eencheiat contracte de v\u00e2nzare a Marfurilor oferite de Magazin, \u00eenainte de efectuarea respectivelor modificari, sau a drepturilor perosanelor autorizate sa utilizeze a anume promotie, conform principiilor acesteia, pe perioada desfasurarii sale.<\/li>\n<\/ol>\n<p>&nbsp;<\/p>\n<ol>\n<li><strong>RECLAMATII REFERITOARE LA MARFURI<\/strong><\/li>\n<li>Produsele oferite prin magazine sunt noi si originale. S.C CORDOSTEF S.R.L raspunde pentru defectele Marfurilor pe baza legislatiei \u00een vigoare. De asemenea,S.C CORDOSTEF S.R.L respecta garantia legala pentru conformitatea produselor.<\/li>\n<li>S.C CORDOSTEF S.R.L va lua masuri pentru a asigura pe deplin functionarea corecta a Magazinului, \u00een domeniile indicate de cunostintele tehnice actuale si se obliga sa \u00eenlature \u00eentr-un termen rezonabil toate neajunsurile semnalizate de catre Clienti.<\/li>\n<li>Orice lucru cumparat \u00een Magazin poate fi obiectul unei reclamatii, cu respectarea termenilor si conditiilor de reclamatie stabiliti prin lege, daca prezinta defecte ce constituie neconformitati cu contractul de v\u00e2nzare \u00eencheiat.<\/li>\n<li>Reclamatiile se pot trimite prin email la adresa <strong>office@<\/strong> <strong>drojdiifuraje-cordostef.ro<\/strong> \u00a0\u00a0,return\u00e2nd marfa \u00eempreuna cu descrierea defectului si cu dovada achizitionarii (copie factura), adaug\u00e2nd: \u201eReclamatie magazin online S.C CORDOSTEF S.R.L\u201d. Clientul va fi informat despre modul de rezolvarea a reclamatiei \u00een termen de 14 zile, calculate din ziua urmatoare primirii de catre Magazin a trimiterii cu marfa reclamata.<\/li>\n<li>Clientul are dreptul la urmatoarele pretentii, conform legislatiei \u00een vigoare:<\/li>\n<li>a)\u00a0\u00a0 sa ceara sa renunte la Contract sau sa ceara reducerea pretului Marfii, daca V\u00e2nzatorul nu \u00eenlocuieste de urgenta si fara mari inconveniente pentru Cumparator, marfa defecta sau nu \u00eenlatura defectul, ori<\/li>\n<li>b)\u00a0\u00a0\u00a0\u00a0\u00a0\u00a0 sa ceara \u00eenlocuirea Marfii cu o alta fara defecte sau \u00eenlaturarea defectelor.<\/li>\n<li>In cazul \u00een care reclamatia nu este admisa, Marfa va fi returnata \u00eempreuna cu un raport referitor la nejustificarea reclamatiei.<\/li>\n<li>In cazul \u00een care se constata de catre Client deteriorarea Marfii \u00een timpul transportului, se recomanda ca el sa \u00eentocmeasca \u00een prezenta curierului un proces verbal de daune.<\/li>\n<\/ol>\n<p>&nbsp;<\/p>\n<p><strong>VII. RETURURILE DE MARFA \u2013 RETRAGEREA DIN CONTRACTUL DE V\u00c2NZARE<\/strong><\/p>\n<ol>\n<li>Clientul \u2013 consumator, asa cum este definit conform normelor \u00een vigoare, are dreptul de a se retrage din contractul de v\u00e2nzare fara a indica motivul.<\/li>\n<li>Termenul de retragere din contractul de v\u00e2nzare a Marfurilor expira dupa \u00eemplinirea a 30 zile de la data c\u00e2nd Clientul a intrat \u00een posesia marfurilor.<\/li>\n<li>Pentru a-si exercita dreptul de retragere din contract, Clientul trebuie sa aduca la cunostinta Magazinului decizia sa de renuntare, printr-o declaratie clara transmisa pe adresa: S.C CORDOSTEF S.R.L S.R.L.. Clientii pot, de asemenea, sa completeze si sa trimita scanata o cererere sau orice alte pretentii prin e-mail, la adresa: office@drojdiifuraje-cordostef.ro . Daca un Client foloseste aceasta modalitate, Magazinul \u00eei va trimite de urgenta confirmarea primirii informatiei despre retragerea din contract pe un suport de informatii durabil (de ex. prin posta electronica).<\/li>\n<li>Pentru a respecta termenul de retragere din contract este suficient ca Clientul sa trimita informatiile referitoare la exercitarea dreptului de retragere \u00eenainte de \u00eemplinirea termenului de renuntare.<\/li>\n<li>Clientul trimite marfurile care fac obiectul retragerii din contract la urmatoarea adresa postala: S.C CORDOSTEF S.R.L , str. Comisia Centrala nr. 80A , Focsani,Vrancea \u00a0, cu mentiunea \u201ehttp:\/\/drojdiifuraje-cordostef.ro\/magazin\u2013 Retur\u201d nu mai t\u00e2rziu de 30 zile de la data c\u00e2nd a informat Magazinul despre retragerea din prezentul contract. Termenul se considera a fi respectat daca Clientul returneaza obiectul \u00eenainte de \u00eemplinirea termenului de 30 zile.<\/li>\n<li>Clientul suporta costurile directe de returnare a marfurilor.<\/li>\n<li>In cazul retragerii din contract, Magazinul va returna Clientilor sumele \u00eencasate, in maximum 14 zile de la data c\u00e2nd Magazinul a fost informat despre decizia Clientului de a-si exercita dreptul de renuntare la contract.<\/li>\n<li>Returnarea sumelor achitate de Client se face \u00een acelasi mod cu cel ales de Client la tranzactia initiala, daca Clientul nu si-a exprimat acordul pentru alte solutii. Magazinul va face returnarea platii la momentul primirii produsului in ambalajul original, in stare impecabila.<\/li>\n<\/ol>\n<p>&nbsp;<\/p>\n<p><strong>VIII. INFORMATII REFERITOARE LA SERVICIILE PRESTATE ON-LINE<\/strong><\/p>\n<ol>\n<li>Magazinul presteaza pentru Clienti urmatoarele servicii, pe cale electronica:<\/li>\n<li>a)\u00a0\u00a0 Facilitarea \u00eencheierii on-line a contractelor de v\u00e2nzare din Magazin, conform prezentului Regulament,<\/li>\n<li>b)\u00a0\u00a0\u00a0\u00a0\u00a0\u00a0 Facilitarea deschiderii de conturi ale Clientilor \u00een Magazin,<\/li>\n<li>c)\u00a0\u00a0\u00a0\u00a0\u00a0\u00a0 Transmiterea informatiei comerciale comandate, referitoare la marfuri.<\/li>\n<li>Clientul are dreptul de a se retrage din contractul de v\u00e2nzare a marfurilor conform normelor juridice aplicabile si \u00een baza principiilor stabilite de prezentul Regulament.<\/li>\n<li>Conditiile tehnice de prestare de catre Magazin, pe cale electronica, a serviciilor, sunt urmatoarele:<\/li>\n<li>a)\u00a0\u00a0\u00a0\u00a0\u00a0\u00a0 acces la Internet,<\/li>\n<li>b)\u00a0\u00a0\u00a0\u00a0\u00a0\u00a0 Detinerea unui cont de posta electronica.<\/li>\n<li>Reclamatii privitoare la serviciile prestate de Magazin pe cale electronica pot fi depuse transmit\u00e2ndu-le la adresa de e-mail office@ drojdiifuraje-cordostef.ro sau telefonic, la numarul 0736.996.335<\/li>\n<li>. Reclamatia Clientului trebuie sa contina denumirea beneficiarului si o scurta descriere a procesului reclamat. Magazinul se va stradui ca reclamatiile depuse sa fie examinate \u00een cel mai scurt timp cu putinta, nu mai t\u00e2rziu de 14 zile de la data primirii reclamatiei de catre Magazin. Clientul va fi anuntat pe calea aleasa in legatura cu solutionarea reclamatiei.<\/li>\n<\/ol>\n<p><strong>\u00a0<\/strong><\/p>\n<ol>\n<li><strong>Alte prevederi<\/strong><\/li>\n<li>Continutul si design-ul https:\/\/drojdiifuraje-cordostef.ro\/magazin, sunt proprietatea S.C CORDOSTEF S.R.L sunt protejate prin legislatia \u00een vigoare cu privire la drepturile de autor si drepturile conexe.<\/li>\n<li>Puteti copia si printa continutul site-ului doar pentru folosinta dumneavoastra personala, \u00een scopuri necomerciale.<\/li>\n<li>Este interzisa orice utilizare a continutului site-ului \u00een alte scopuri dec\u00e2t cele permise expres de prezentul document sau de legislatia \u00een vigoare.<\/li>\n<\/ol>\n<p>&nbsp;<\/p>\n<ol>\n<li>Forta majora. https:\/\/drojdiifuraje-cordostef.ro\/magazin, partenerii sau utilizatorii sai nu pot fi facuti responsabili pentru nicio \u00eent\u00e2rziere sau eroare \u00een executarea obligatiilor contractuale sau \u00een continutul furnizat pe site-ul nostru, rezult\u00e2nd direct sau indirect din cauze care nu depind de vointa <u>https:\/\/drojdiifuraje-cordostef.ro\/magazin<\/u>.<\/li>\n<\/ol>\n<p>&nbsp;<\/p>\n<ol>\n<li><strong>PREVEDERI FINALE<\/strong><\/li>\n<li>Datele personale ale Clientilor furnizate \u00een timpul \u00eenregistrarii \u00een Magazin sunt prelucrate de catre https:\/\/drojdiifuraje-cordostef.ro\/magazin exclusiv \u00een scopul realizarii comenzilor; ele mai pot fi prelucrate si \u00een scopuri de marketing, daca Clientul \u00eesi exprima acordul pentru acest lucru, \u00eentr-o declaratie separata. Clientul are dreptul de a completa, actualiza, corecta datele personale, de a retrage definitiv sau doar pentru o anume perioada de timp permisiunea pentru prelucrarea lor sau de a cere stergerea lor daca sunt incomplete, neactuale, neadevarate sau au fost colectate prin \u00eencalcarea legii sau nu sunt neaparat necesare pentru atingerea scopului pentru care au fost colectate, precum si dreptul de a se \u00eempotrivi \u00een cazul prelucrarii datelor personale \u00een scopuri de marketing. Aceste informatii sunt detaliate \u00een Politica de Confidentialitate care este o completarea la prezentul Regulament.<\/li>\n<li>Neacceptarea prevederilor prezentului Regulament face imposibila achizitionarea marfurilor oferite de Magazin. Magazinul ofera Clientului posibilitatea de a lua la cunostinta prevederile Regulamentului, la plasarea comenzii.<\/li>\n<\/ol>\n<p>Clientii care detin cont \u00een Magazin vor fi informati cu privire la modificarea Regulamentului prin e-mail. Clientul care nu accepta modificarile aduse la Regulament are dreptul de a-si \u00eenchide contul \u00een orice moment.<\/p>\n<p>&nbsp;<\/p>\n<p>&nbsp;<\/p>\n<p>&nbsp;<\/p>\n","protected":false},"excerpt":{"rendered":"<p>TERMENI SI CONDITII Prezentul regulament reprezinta termenii si conditiile de utilizare ale site-ului http:\/\/drojdiifuraje-cordostef.ro\/magazin. Orice comanda plasata pe acest site trebuie sa fie de acord cu prezentul Regulament. Orice comanda<\/p>\n","protected":false},"author":3,"featured_media":0,"parent":0,"menu_order":0,"comment_status":"closed","ping_status":"closed","template":"","meta":{"footnotes":""},"class_list":{"1":"page","2":"type-page","3":"status-publish","4":"hentry"},"_links":{"self":[{"href":"https:\/\/drojdiifuraje-cordostef.ro\/magazin\/wp-json\/wp\/v2\/pages\/12495","targetHints":{"allow":["GET"]}}],"collection":[{"href":"https:\/\/drojdiifuraje-cordostef.ro\/magazin\/wp-json\/wp\/v2\/pages"}],"about":[{"href":"https:\/\/drojdiifuraje-cordostef.ro\/magazin\/wp-json\/wp\/v2\/types\/page"}],"author":[{"embeddable":true,"href":"https:\/\/drojdiifuraje-cordostef.ro\/magazin\/wp-json\/wp\/v2\/users\/3"}],"replies":[{"embeddable":true,"href":"https:\/\/drojdiifuraje-cordostef.ro\/magazin\/wp-json\/wp\/v2\/comments?post=12495"}],"version-history":[{"count":4,"href":"https:\/\/drojdiifuraje-cordostef.ro\/magazin\/wp-json\/wp\/v2\/pages\/12495\/revisions"}],"predecessor-version":[{"id":12500,"href":"https:\/\/drojdiifuraje-cordostef.ro\/magazin\/wp-json\/wp\/v2\/pages\/12495\/revisions\/12500"}],"wp:attachment":[{"href":"https:\/\/drojdiifuraje-cordostef.ro\/magazin\/wp-json\/wp\/v2\/media?parent=12495"}],"curies":[{"name":"wp","href":"https:\/\/api.w.org\/{rel}","templated":true}]}}